4).
2
Suppose x - 3*f = -8*f + 17, 0 = -x - 2*f + 8. Suppose 2*i - 8 = x. What are the prime factors of i?
5
Let m = -30 + 60. Suppose -5*c + m = -5. What are the prime factors of c?
7
Let f be 3*(0 - 4/(-3)). Suppose 5*r - 7 - 12 = -f*v, 5*v - 65 = 2*r. List the prime factors of v + (-3 - -2*1).
2, 5
Let g be 57/12 + (-1)/(-4). What are the prime factors of (-880)/(-24)*6/g?
2, 11
Suppose 4*g + 3*o = 41 + 58, -5*o - 67 = -3*g. What are the prime factors of g?
2, 3
Suppose 2*g + 27 = -3*g + l, -5*l = 15. Let t = g + 9. Suppose -t*a + 6 = -3. What are the prime factors of a?
3
Suppose 16*n - 507 = 13*n. What are the prime factors of n?
13
Suppose 0 = -p + 2 + 1. Suppose -6*x + 14 = 2. Let r = p + x. What are the prime factors of r?
5
Let l(i) be the first derivative of i**4/4 + 7*i**3/3 - 2*i**2 - 5. List the prime factors of l(-6).
2, 3, 5
Let k = 48 - 31. Let p(s) = -s**3 + 12*s**2 - 11*s - 9. Let m be p(11). Let l = m + k. List the prime factors of l.
2
Suppose -3*d + 21 = -4*t, 5*d - 4 - 8 = -t. Let a = -95 + 135. Suppose -d*l = l - a. List the prime factors of l.
2, 5
Let r(s) = 3*s**2 + 0 - 4*s - 1 + s**3 - 5*s**2 + 2. Let u be r(3). List the prime factors of ((-2)/(-2))/(u/(-8)).
2
Let q = -22 - -69. List the prime factors of q.
47
Suppose -8 = -3*m - k, -3 = -m - 5*k + 9. What are the prime factors of 1*m*8/2?
2
Let y(m) = -17*m + 60. List the prime factors of y(-7).
179
Let v = 9 - 17. Let s = v + 13. Let t(o) = o - 3. What are the prime factors of t(s)?
2
Let c(a) be the second derivative of a**5/20 + 7*a**4/12 + 5*a**3/6 + 7*a. What are the prime factors of c(-5)?
5
Let g(b) = 6*b**2 - 5*b + 5. What are the prime factors of g(3)?
2, 11
Let k = -5 - -24. What are the prime factors of k?
19
Let x = -1 + 3. Suppose -2*b - 3*b - 6 = -3*t, -t = -b - x. List the prime factors of (-1)/(-3)*(b + 9).
3
Suppose l + 2 = 4. Suppose 0 = -n - 4*z + 27, n + 36 = 5*n - l*z. List the prime factors of n.
11
List the prime factors of -1 - 14/(-10) - 1290/(-25).
2, 13
Let o(i) = 2*i**2 + 6*i - 11. List the prime factors of o(-6).
5
Suppose -4*v + v = 33. Let g = 50 + v. What are the prime factors of g?
3, 13
Suppose 130 = h + g, -2*h - 130 = -3*h + 4*g. What are the prime factors of h?
2, 5, 13
Let u = 125 - 86. Let y = -22 + u. What are the prime factors of y?
17
What are the prime factors of (54/10)/(11/55)?
3
Suppose -2*c - 1 = -0*w + w, 2*w - 8 = -2*c. Let q(i) = 2*i + 4. Let a be q(-5). Let b = w + a. What are the prime factors of b?
3
Let x = 17 + -12. Let f = -14 + 18. Suppose 5*j + 62 = x*v + 17, 46 = f*v - 2*j. What are the prime factors of v?
2, 7
Suppose 0 = -4*t + 16 + 44. List the prime factors of t.
3, 5
Suppose 34 - 14 = -2*r. Let l(x) = 12 - 2*x**2 - 9*x - 3*x**2 + 4*x**2. List the prime factors of l(r).
2
Let w(k) = k**3 + 7*k**2 + 5*k - 4. Suppose -29 = 3*t + 1. Let j be t/2 - (-1 - -1). List the prime factors of w(j).
3, 7
Let a(o) = o**3 - 6*o**2 - 8*o + 7. Let b be a(7). Suppose 10 = 5*k - 4*q, b*k + q + 4 = 2*k. List the prime factors of (-2)/(-3)*(k - -4).
2
Let d(h) = h + 5. Let k be d(-7). Let z be (-1 - (0 - 1))/k. Suppose 8 = v - z. List the prime factors of v.
2
Let y(c) = 4*c**2 + c - 9. Let x(r) = 3*r**3 - r**2 + r. Let a be x(1). What are the prime factors of y(a)?
2, 3, 5
Suppose 2*b = l - 6, 3*b = -l + 1 - 0. What are the prime factors of (-115)/(-13) + l/26?
3
Let i(q) = -q**3 - 5*q**2 - 4*q - 2. Let l be i(-4). List the prime factors of (2/l)/((-5)/10).
2
Let y = -54 + 120. List the prime factors of y.
2, 3, 11
Suppose 5*u = -0*f + 2*f + 5, -11 = 2*f + u. What are the prime factors of (f/(-10))/(2/132)?
3, 11
Let x(s) = 5*s - 8. Let g be (-6)/33 - (-136)/22. What are the prime factors of x(g)?
2, 11
Suppose -32 = -2*o - 2*o. Let y be (-140)/o*12/(-10). Suppose -2*r = -a - 17, 2*a + 1 - y = -5*r. What are the prime factors of r?
2, 3
Suppose -4*o + 3 + 5 = 0. List the prime factors of o.
2
Let m = 35 - -12. List the prime factors of m.
47
Let n(x) be the third derivative of x**4/6 + 5*x**3/6 - 3*x**2. Let t be n(7). What are the prime factors of 2*(1 - t/(-6))?
13
Suppose -3*h = -3*t - 189, 0 = 5*h - h + 4*t - 220. What are the prime factors of h?
59
Let v(b) = 4*b + 1. Let j = 7 - 7. Let d = 4 - j. What are the prime factors of v(d)?
17
Let o = -48 - -85. What are the prime factors of o?
37
Let d(n) = -n**3 + 7*n**2 - 5*n + 2. Let r be d(6). Suppose -r = -0*q + 4*q. List the prime factors of q/(-3) - 34/(-3).
2, 3
What are the prime factors of (-627)/(-12) - (-4)/(-16)?
2, 13
Let i = 13 + 4. What are the prime factors of i?
17
Suppose 8*v - 3*v = 0. List the prime factors of (1 - v) + 0 - -26.
3
Suppose -4*x + 129 + 143 = 0. Let o = -46 + x. List the prime factors of o.
2, 11
Let f(v) = 3*v - 2. Let p be f(3). Suppose -4*j - 2*s + 2 = 0, 0*s - 6 = -2*j - 2*s. Let o = p - j. List the prime factors of o.
3
Suppose 9*k = 13*k - 44. What are the prime factors of k?
11
Suppose 0 = 5*i - 0*i - 45. List the prime factors of i.
3
Let r(m) = 48*m**2. What are the prime factors of r(1)?
2, 3
Let w(k) = 22*k**2 + 4. List the prime factors of w(-2).
2, 23
Let b be (6/(-8))/((-2)/(-24)). Let c(z) be the second derivative of -z**5/20 - 5*z**4/6 - 11*z**3/6 - z**2/2 - 16*z. What are the prime factors of c(b)?
17
Let p(c) = c**2 - 9. Let b be p(-7). Let r = b - 22. Let d = r + -8. What are the prime factors of d?
2, 5
Let o(g) = -20*g + 20. What are the prime factors of o(-4)?
2, 5
Suppose -3*i - 256 = -2*m, m - 373 = -2*m - i. What are the prime factors of m?
5
Suppose 0 = -0*a - 7*a. Suppose a = -5*f - 41 + 251. What are the prime factors of f?
2, 3, 7
What are the prime factors of (-100)/42*-48 + 4/(-14)?
2, 3, 19
Suppose -2*s = -4*g - 12, 0 = -5*s + s + 3*g + 24. Suppose 2*p - 3*t = 9, 4*p - p + 3*t - s = 0. Let b(n) = 5*n + 4. What are the prime factors of b(p)?
19
Let h(u) = -u + 1. Let l be h(-2). Suppose 2*z - 285 = -l*z. List the prime factors of z.
3, 19
Let r = 0 + 3. List the prime factors of r/(1 - 8/20).
5
Let s(p) = p - 7. Let t be s(5). What are the prime factors of (-7 - t)*(-24)/5?
2, 3
Let x = 7 - 11. Let f be 159/6 + (-2)/x. Suppose 2*t - f = -3. List the prime factors of t.
2, 3
Suppose 98 = 2*l - 118. List the prime factors of l.
2, 3
Let t = 11 - 2. Let w(n) = -n**3 + 9*n**2 + n + 11. What are the prime factors of w(t)?
2, 5
List the prime factors of (16/2)/((-1)/(-40)).
2, 5
Suppose 0 = 3*j - 12. Let h(r) = j*r + 2*r + 0 - 7*r - 1. List the prime factors of h(-5).
2
Suppose 5 = 4*i - y - 2, i - 2*y = -7. Suppose -5*q - 4*x + 65 = 0, 0 = 2*q - i*q - 3*x + 24. List the prime factors of q.
3
Let c(f) = -12*f**3 + f**2. What are the prime factors of c(-1)?
13
Let z = 443 + -244. What are the prime factors of z?
199
Let h = -4 - -6. Suppose -7*s = -h*s - 95. List the prime factors of s.
19
Let l = 19 + -3. Let m be l*(-1 - (-6)/3). Suppose 0 = -5*t + 20, 2*w - m = t - 0*t. What are the prime factors of w?
2, 5
List the prime factors of (6625/35 - 8) + 2/(-7).
181
Let b(o) = -o + 2. Let a be b(2). Let j be 1 + (1 + -2 - a). Suppose -2*c + 5*h + 5 + 23 = j, -4*h = 8. List the prime factors of c.
3
Suppose 46 = 4*i + 2*s, s = -2*i - 2*s + 21. Let o be 1/(((-12)/(-21))/(-4)). Let m = o + i. List the prime factors of m.
5
Let z(t) = 2*t**3 + 2*t**2 - 2*t - 1. Let q be z(2). Suppose 21*k = q*k + 18. List the prime factors of k.
3
Let m(u) = u - 1. Let t be m(-2). Let w be t/(-9) - 1312/(-6). List the prime factors of 1/(-6) - w/(-18).
2, 3
Let p be (-2 - -180) + (-1 - -3). List the prime factors of 1/(-4) + p/16.
11
Let n be (12/8)/((-1)/(-46)). Suppose 285 = 4*t + n. List the prime factors of t.
2, 3
Let q(k) = 2*k**2 + 10*k + 10. What are the prime factors of q(-6)?
2, 11
Suppose 5*f + 0*f = 35. Let j = 13 - f. Suppose g - n - j = 0, -2*n = -3*g - 0*g + 22. What are the prime factors of g?
2, 5
Let y(i) = i**3 - 17*i**2 - 8*i - 6. List the prime factors of y(18).
2, 3, 29
Let c(f) = 4*f**2 - f - 1. Let v be -2 - 2*-1 - 0. Let u = v - 1. What are the prime factors of c(u)?
2
Let g be 7/(-3) + 1/3. List the prime factors of 12 + ((-4)/2 - g).
2, 3
Suppose 5*l + 2*z = z - 80, 3*z = 0. Let i = l + 30. What are the prime factors of i?
2, 7
Suppose q + q - 5 = w, 2*w = 2*q - 10. Let d(t) = 1 + 3*t + 1 - 4*t**2 + 15*t**3 